 - 3. Determine l(-4).
-35
Let t(y) = y**3 + 9*y**2 - 11*y - 8. What is t(-10)?
2
Let c(l) = 2*l - 19. What is c(9)?
-1
Let o(q) = 96*q + 5. Give o(1).
101
Let d(v) = 2*v + 29. What is d(-8)?
13
Let b(k) = 4*k**2 + 6*k - 3. What is b(4)?
85
Let t(i) = -9*i - 2. Calculate t(-4).
34
Let p(x) = -x**3 - 12*x**2 - 18*x + 19. Give p(-10).
-1
Let k(x) = -3*x**3 + 2*x + 1. Calculate k(-1).
2
Let k(z) = -z**2 + 22*z - 1. Give k(7).
104
Let m(o) = -o**2 - 13*o - 12. What is m(0)?
-12
Let a(s) = 6*s + 135. Give a(-22).
3
Let o(n) = -n**2 + 77*n - 290. What is o(73)?
2
Let q(k) = -4*k**2 + 3*k - 19. Determine q(-5).
-134
Let l(a) = -a**3 + 7*a**2 + 5*a - 6. Determine l(8).
-30
Let t(l) = l**2 - 7*l - 2. Determine t(5).
-12
Let n(b) = -b**3 - 6*b**2 + 2*b + 5. Give n(-5).
-30
Let y(p) = p**2 - 8*p + 8. Determine y(6).
-4
Let o(m) = -m**2 + 4*m + 1. Calculate o(6).
-11
Let b(w) = 33*w**2 - 3*w - 4. What is b(-1)?
32
Let r(l) = 10*l + 47. Calculate r(-6).
-13
Let w(l) = 3*l**3 - 3*l**2 - 3*l - 3. Determine w(3).
42
Let p(n) = 3*n**2 + 25*n + 46. Determine p(-5).
-4
Let o(z) = z**3 - 8*z**2 + 11*z - 9. Calculate o(6).
-15
Let x(u) = -u**3 + 7*u**2 + 6. Calculate x(8).
-58
Let s(j) = j**2 + 12*j - 18. Calculate s(-12).
-18
Let w(t) = t**3 + 1. Give w(0).
1
Let j(c) = -c**3 - 10*c**2 - 8*c + 11. Calculate j(-8).
-53
Let v(g) = g**2 - 12*g + 5. Calculate v(11).
-6
Let w(k) = k**2 - k - 7. Give w(3).
-1
Let j(z) = 2*z**2 - 16*z + 2. Determine j(8).
2
Let z(q) = -9*q - 2. What is z(4)?
-38
Let r(x) = x**3 + 12*x**2 + 13*x + 20. Calculate r(-11).
-2
Let v(a) = -a**2 - a + 8. Calculate v(0).
8
Let m(y) = y**3 - 7*y**2 - 8*y + 4. Give m(8).
4
Let m(d) = -2*d**2 + 20*d + 25. Calculate m(11).
3
Let w(n) = -n**3 + 3*n**2 + 4*n + 5. Determine w(4).
5
Let f(t) = t**3 - t - 13. What is f(0)?
-13
Let t(u) = 2*u**3 + u**2 - 8*u - 1. What is t(-3)?
-22
Let g(l) = 5*l**2 - 2*l + 1. Determine g(1).
4
Let l(g) = -g**3 + 5*g**2 - 7*g + 7. Calculate l(4).
-5
Let o(u) = -u**2 - u + 1. Determine o(-1).
1
Let t(h) = -2*h**2 + 10*h - 14. Determine t(6).
-26
Let g(l) = -l**3 - 3*l**2 + 7*l + 18. What is g(-3)?
-3
Let q(p) = 36*p + 104. Calculate q(-3).
-4
Let w(d) = -d**3 - 2*d + 1. Calculate w(3).
-32
Let i(u) = -13*u - 49. Determine i(-5).
16
Let q(z) = -z**3 + 7*z**2 - z - 2. Determine q(6).
28
Let x(p) = p**2 - 46*p + 60. What is x(45)?
15
Let j(o) = -4*o + 118. Give j(8).
86
Let c(k) = -6*k. Give c(-1).
6
Let t(d) = 95*d**2 - 6*d - 5. What is t(-1)?
96
Let w(u) = -u**3 + 5*u - 5. Calculate w(3).
-17
Let u(l) = 13*l + 410. Calculate u(-31).
7
Let m(t) = 5*t - 3. Calculate m(-1).
-8
Let v(u) = u**3 - 8*u**2 - 6*u - 18. What is v(9)?
9
Let s(n) = -2*n**2 + 2*n + 12. What is s(4)?
-12
Let w(q) = q**2 + 5*q - 4. Give w(-5).
-4
Let p(n) = n**2 - 6*n + 3. What is p(9)?
30
Let d(s) = 5*s - 6. Give d(-11).
-61
Let d(r) = -r**2 - 7*r - 11. Calculate d(-5).
-1
Let i(t) = -t**3 + 3*t. What is i(-3)?
18
Let w(l) = 3*l**3 - 2*l**2 - 5*l - 2. What is w(-1)?
-2
Let f(g) = g**3 - 5*g**2 - 5*g + 1. Give f(5).
-24
Let y(v) = -5*v + 15. Give y(14).
-55
Let r(k) = 18*k - 581. Calculate r(32).
-5
Let i(r) = -r**3 - 3*r**2 - 4*r - 5. What is i(-2)?
-1
Let q(s) = -4*s**2 - s. Calculate q(2).
-18
Let t(l) = -l**3 + 8*l**2 - 7*l + 8. What is t(6)?
38
Let i(l) = -l**3 - 14*l**2 - 2*l - 21. Calculate i(-14).
7
Let c(a) = a**3 + 4*a**2 - a - 22. Determine c(-5).
-42
Let t(h) = 6*h - 58. What is t(15)?
32
Let n(q) = -3*q**3 - 2*q**2 - 13. Determine n(-3).
50
Let v(r) = -r**2 + 27*r - 139. Give v(7).
1
Let p(b) = -2*b + 25. Give p(13).
-1
Let k(f) = -f**3 + f**2 + 9. Give k(0).
9
Let k(r) = r**3 + 13*r**2 + r + 1. Determine k(-13).
-12
Let x(k) = -5*k**2 + 57*k + 21. What is x(12)?
-15
Let o(r) = 3*r**2 - 7*r + 13. Calculate o(3).
19
Let j(r) = r**3 + 19*r**2 + 17*r - 12. Give j(-18).
6
Let w(f) = -f**2 + 24*f - 30. Determine w(22).
14
Let h(m) = -3*m + 53. Calculate h(16).
5
Let j(b) = -b**3 + 5*b**2 + b + 6. Calculate j(6).
-24
Let x(l) = -l**3 + l**2 + 5*l - 1. Determine x(4).
-29
Let d(k) = k**2 + 5*k - 5. What is d(-4)?
-9
Let m(l) = -l**3 + 15*l**2 - 33*l + 83. Calculate m(13).
-8
Let l(t) = -t**3 + 10*t**2 - 13*t - 7. What is l(6)?
59
Let h(d) = d**3 + 4*d**2 - 21*d - 2. What is h(-7)?
-2
Let p(r) = -2*r + 17. Determine p(7).
3
Let t(s) = -2*s - 104. Give t(-31).
-42
Let o(j) = j + 1. Determine o(-15).
-14
Let o(f) = 14*f + 57. Determine o(-5).
-13
Let v(k) = -k**2 + 42*k - 111. Calculate v(39).
6
Let c(g) = -g**2 - 11*g - 4. Determine c(-10).
6
Let g(u) = -u**3 - 6*u**2 - 3*u - 15. Give g(-6).
3
Let h(g) = g**2 - 11*g - 1. Give h(0).
-1
Let o(b) = -2*b - 39. Give o(-24).
9
Let c(v) = v**3 - 7*v**2 - 4*v + 6. Give c(7).
-22
Let u(b) = b**2 - 23*b + 31. Give u(24).
55
Let b(n) = -2*n**3 - 3*n**2 + 4*n - 6. Determine b(2).
-26
Let p(q) = -2*q**2 + 6. What is p(-4)?
-26
Let q(w) = w**3 + 10*w**2 - 2*w. Give q(-10).
20
Let k(f) = 3*f + 24. Give k(-9).
-3
Let y(n) = -10*n - 1. Determine y(-3).
29
Let d(r) = 30*r**2 + r. What is d(-1)?
29
Let w(c) = -c**2 - 4*c + 6. Give w(-7).
-15
Let r(d) = -d**3 - 3*d**2 + 11*d + 4. Give r(-5).
-1
Let v(a) = 5*a + 3. Determine v(11).
58
Let p(s) = 3*s**3 - 50*s**2 - 16*s - 9. Give p(17).
8
Let r(c) = c**3 + 13*c**2 + 17*c + 13. Determine r(-12).
-47
Let t(j) = j - 9. Determine t(8).
-1
Let i(d) = -4*d - 18. Determine i(-7).
10
Let t(w) = 7*w - 4. Calculate t(-3).
-25
Let k(n) = -2*n**2 + 17*n + 23. What is k(10)?
-7
Let k(a) = -a**2 - 27*a - 107. Calculate k(-5).
3
Let n(x) = 14*x + 51. Calculate n(-8).
-61
Let t(w) = 2*w - 5. Determine t(-4).
-13
Let w(m) = -m**2 - 11*m - 12. What is w(-12)?
-24
Let n(c) = -c - 1. Calculate n(-2).
1
Let k(d) = 2*d**2 + 29*d + 52. What is k(-12)?
-8
Let k(t) = t + 16. Determine k(-6).
10
Let i(p) = -p**3 + 4*p**2 - p + 25. Give i(6).
-53
Let h(f) = f**3 - 11*f**2 + 19*f - 11. What is h(9)?
-2
Let n(m) = -m**3 - 3*m**2 + 4*m + 5. Give n(-5).
35
Let g(m) = 4*m + 15. Calculate g(-14).
-41
Let p(t) = -t**3 - 2*t**2 + 24*t + 6. Give p(-6).
6
Let m(z) = -6*z + 33. What is m(4)?
9
Let w(x) = x**3 - 10*x**2 + 5*x - 22. Calculate w(9).
-58
Let n(j) = 2*j**2 - 3*j - 3. Determine n(6).
51
Let w(x) = 3*x + 7. Determine w(-7).
-14
Let w(i) = 9*i**2 + 99*i + 84. Determine w(-10).
-6
Let r(q) = 2*q**2 + 23*q + 2. Give r(-12).
14
Let p(f) = -2*f - 8. Give p(0).
-8
Let r(w) = -3*w + 8. Calculate r(-13).
47
Let u(p) = 18*p**2 + 4*p - 6. Calculate u(2).
74
Let f(d) = -5*d - 6. Give f(-3).
9
Let t(m) = m**2 + 4*m - 6. What is t(-3)?
-9
Let s(p) = -p**2 - 2*p + 53. Give s(6).
5
Let m(p) = -10*p + 58. What is m(11)?
-52
Let x(p) = -3*p - 8. Give x(-5).
7
Let k(w) = -15*w + 28. Determine k(7).
-77
Let l(f) = -2*f + 17. Determine l(-6).
29
Let f(p) = -p**3 + 2*p + 1. Calculate f(-2).
5
Let m(x) = -x**2 + 2*x + 2. Calculate m(4).
-6
Let v(o) = -o**3 + 8*o**2 - 9*o - 2. What is v(4)?
26
Let a(s) = -s**2 - 9*s - 11. What is a(-7)?
3
Let a(s) = -s**2 - 12*s - 38. Give a(-7).
-3
Let y(d) = d + 34. What is y(-7)?
27
Let v(q) = -q**3 - 9*q**2 - 7*q + 8. Give v(-8).
0
Let q(u) = u + 11. What is q(19)?
30
Let h(u) = u**2 - 15*u + 34. What is h(10)?
-16
Let q(k) = -6*k + 28. Determine q(5).
-2
Let q(f) = -f**2 + 11*f + 5. Calculate q(0).
5
Let z(f) = f**2 - 49*f + 599. Determine z(27).
5
Let v(b) = -b + 16. Calculate v(6).
10
Let y(o) = -o**3 - 6*o**2 - 7*o - 6. Calculate y(-4).
-10
Let o(u) = -u**2 - 6*u + 2. Calculate o(2).
-14
Let p(g) = -g**2 - 7*g + 47. Give p(-10).
17
Let z(y) = 18*y + 417. Determine z(-22).
21
Let x(c) = -c**2 + 16*c - 5. Determine x(17).
-22
Let m(b) = b**3 + 20*b**2 + 51*b - 8. Give m(-17).
-8
Let c(z) = z**3 - 12*z**2 + 7*z + 37. Determine c(11).
-7
Let m(r) = -r**3 - 3*r**2 - 8*r - 5. Determine m(-3).
19
Let r(d) = 2*d - 143. Calculate r(26).
-91
Let a(z) = -2*z + 39. Calculate a(16).
7
Let t(y) = -2*y + 21. Determine t(5).
11
Let o(m) = -12*m - 78. Determine o(-7).
6
Let m(u) = -2*u + 76. What is m(27)?
22
Let s(f) = -2*f + 25. Determine s(22).
-19
Let g(a) = 3*a + 76. Calculate g(-28).
-8
Let g(n) = -11*n**3 - 2*n**2 - 3*n - 2. Give g(-1).
10
Let d(p) = p**2 + p - 7. Calculate d(4).
13
Let z(w) = w**3 + 2*w**2 - 4*w - 3. What is z(-2)?
5
Let u(t) = t + 40. Calculate u(0).
40
Let g(k) = k**3 + 7*k**2 - k + 5. Calculate g(-7).
12
Let m(u) = 